o + 204 = -k*o. What is the tens digit of o?
6
Suppose -333 = d - 3*c, 0 = -4*c - 11 + 3. Let p = 524 - d. What is the units digit of p?
3
What is the hundreds digit of -5 + 442/65 - 1/(-5) - -3136?
1
Let u(s) = s**2 - 3013*s + 29694. What is the hundreds digit of u(0)?
6
Let v(c) = -135*c**2 + c + 1. Let m be v(-1). Suppose -20 = -5*k, 60*k - 59*k - 194 = -n. Let u = n + m. What is the tens digit of u?
5
Let a be (-14)/(-21) - -2*2402/12. Let w = 219 - a. Let n = w + 300. What is the tens digit of n?
1
Let w be (-2 - -5)*(-3560)/(-15). What is the hundreds digit of -6 + w + (1 - 2)?
7
Suppose -3431 = 3*x + 2*g - 9745, 4191 = 2*x + 5*g. Suppose -f - 458 = -x. What is the units digit of f?
0
Let u be -132 + (-4)/(-5)*5. Let b = 68 - 140. Let s = b - u. What is the units digit of s?
6
Let u(s) = -20*s - 55. Let b be u(-3). What is the units digit of b/2*60844/205?
2
Suppose 5*s - 16576 - 3507 = u, -s - 3*u + 4023 = 0. What is the thousands digit of s?
4
Let j be (-12)/(-22) - 297/(-121). Suppose -3*f - j*c + 819 = -393, 5*c - 1614 = -4*f. What is the units digit of f?
6
Suppose 158397 - 99167 = 10*q. What is the tens digit of q?
2
Let n = -15 + 19. Suppose u = n - 5. What is the tens digit of (2 - (u + 1))/((-4)/(-98))?
4
Suppose 3*i + 4*s - 2317 = 0, -1573 = 9*i - 11*i + 3*s. Suppose 5*g - 6*g + i = -5*r, -4*g - 3*r = -3162. What is the units digit of g?
9
Let f(s) = 9*s**2 - 122*s + 4. What is the hundreds digit of f(-6)?
0
Suppose -464097 = -22*q - 51*q + 965170. What is the thousands digit of q?
9
Let c(f) = f**3 + 15*f**2 + 5*f + 18. Let l be c(-15). Let r = 62 + l. Suppose -126 = -r*o - t + 556, -4*t = -8. What is the hundreds digit of o?
1
Suppose -2*a + 27 = -1. Let c be (11 - (1 + 0))/(a/7). Suppose 0*m - 256 = -c*n - 4*m, -m - 105 = -2*n. What is the units digit of n?
2
What is the ten thousands digit of (135/30*(-16)/(-108))/((-4)/(-97098))?
1
Let t(u) = -u**3 + 101*u**2 - 2*u + 111. What is the hundreds digit of t(100)?
9
Let i(r) = 7*r**2 - 3*r - 12. Suppose -x = 9*x + 60. What is the units digit of i(x)?
8
What is the units digit of 35391/2*((-42)/(-54))/(-7)*-6?
7
Suppose 2*y + 2*w + 2 = y, 3*y - 5*w - 38 = 0. Suppose 771 = -y*s + 9*s. Let l = -58 + s. What is the tens digit of l?
9
What is the tens digit of ((-160)/6)/(((-70)/(-5))/(-1092)) - -1?
8
Suppose -52 = -9*m + 56. Let k be 0*((-10)/m + (-2)/(-6)). Suppose k = -7*h + 168 + 112. What is the units digit of h?
0
Let r = 250 + -244. Suppose 0 = r*a - 2793 - 1989. What is the units digit of a?
7
Let k(c) = -c**3 + 23*c**2 + 23*c + 59. Let z be k(24). Suppose 2*f - 4*x - 35 = x, -3*f + 4*x = -z. What is the units digit of f?
5
Suppose -4*k = 2*o + 6, 5*o + 25 + 0 = 0. Let r be (-1 + -7)/(-4)*k. Suppose 53 + 41 = 2*q + 2*g, -82 = -r*q + 4*g. What is the tens digit of q?
4
Suppose -d + 4*q + 227 = 0, -d - 5*q = -351 + 79. What is the units digit of 4/2 + (1 - d)/(-1)?
8
Suppose 9*a - 179477 = 210097. What is the units digit of a?
6
Let r(x) = 8*x**2 + 97*x + 38. What is the thousands digit of r(20)?
5
Suppose -57*c - 1112412 = -99*c. What is the thousands digit of c?
6
Let h(m) = 2088*m + 12077. What is the tens digit of h(20)?
3
Let v be (-1 - -2)/((-15)/45). Let d be (-38 + (-1 - v))*-1. Suppose -3 = -3*y, 5*y + d + 13 = 2*c. What is the units digit of c?
7
Let k = 23659 + -3633. What is the hundreds digit of k?
0
What is the tens digit of ((-541250)/(-15))/5 + 7/21?
1
Suppose -2*v + 4*p - 6 = 8*p, -4*p - 12 = 0. Let k be 239/v - 10/(-30). What is the hundreds digit of 1*k/15*(0 + 24)?
1
Suppose -12*y + 765 = -231. What is the hundreds digit of 172 + 1 - (y - 81)?
1
Suppose 30*m - 18*m = 33272 + 44500. What is the thousands digit of m?
6
Let s = 3389 + 938. What is the tens digit of s?
2
Let x = -25 + 27. Suppose 0*u = 4*p - u - 17, 3*u = -3. Suppose -3*k - 4*v = -4*k + 37, -x*k = -p*v - 94. What is the units digit of k?
7
Suppose 152894 - 11342 = 12*u. What is the hundreds digit of u?
7
Suppose -4*g = -n - 208, -3*g + 92 = 4*n - 83. Suppose 0 = 48*k - g*k + 880. Suppose -7*o = o - k. What is the tens digit of o?
2
Let k(q) = 49*q**3 - 14*q - 25*q - 50*q**3 - 29*q**2 + 19. What is the hundreds digit of k(-28)?
3
Suppose -496*t + 170*t + 10050580 = 0. What is the ten thousands digit of t?
3
Let z be -10 + 2/(-15) + (-128)/(-60). Let f = 17 - 9. What is the units digit of (-54)/((18/f)/(12/z))?
6
Suppose -4*n + 922 = -1450. Suppose 9*b - n = 4015. What is the hundreds digit of b?
5
Let c(q) = q**2 - 4*q + 19. Let p be c(6). Suppose -6739 = -p*x + 8*x. What is the units digit of x?
3
Let u = -49411 - -105823. What is the thousands digit of u?
6
Let h(a) = -2*a - 3*a - 114 + 113 + 3*a. Let d be h(4). What is the tens digit of (-225)/(-2) + (1 - d/(-6))?
1
Let o(x) = 44*x + 235. Let g be o(-5). Suppose -1888 = -g*v + 18527. What is the tens digit of v?
6
Let u(b) = -88*b - 133. Let o(k) = 173*k + 266. Let s(r) = 6*o(r) + 13*u(r). What is the tens digit of s(-6)?
0
Suppose -63*j + 61*j + 4*d = -4, 28 = 4*j + 2*d. Suppose j*v - 12030 - 774 = 0. What is the units digit of v?
4
Let g = 3197 + -4562. What is the units digit of 8*(-3)/(-60) - g/25?
5
Let b(p) = -16*p - 504. Let a be b(0). What is the units digit of ((-40)/(-24))/(2/a*-1)?
0
Suppose -g + 2*x - 2 = 0, 0 + 1 = g + x. Suppose g = 4*f + m - 78, 5*f - 2*m - 97 = 7. What is the hundreds digit of 10/f + 570/4?
1
Let g(t) = t**2 + 2*t - 4. Let p = -90 - -95. Let u be g(p). Suppose 19 = q - u. What is the units digit of q?
0
Let v(r) = -13*r**3 + 15*r**2 + 45*r - 63. What is the units digit of v(-11)?
0
Let q(w) = -36*w + 142. Suppose 4*s + 20 = -3*r - 35, 73 = -4*s + 3*r. What is the hundreds digit of q(s)?
7
Let h(b) = 28*b + 28. Suppose 2*r + 0*a = -5*a + 190, -2*a = 0. Let c = r - 91. What is the hundreds digit of h(c)?
1
Let w(o) = 26*o. Let l(q) = 11 + q - 2 - 4 - 6. Let r(h) = 10*l(h) - w(h). What is the tens digit of r(-5)?
7
Let t(u) = -u**3 - 8*u**2 - 14*u - 12. Let b be t(-6). Suppose -335 = -2*h - c, 667 = -b*h + 4*h + 5*c. Suppose -f - 5*f = -h. What is the units digit of f?
8
Suppose -2*d = q - 13423, -6709 = -d + 20*q - 21*q. What is the units digit of d?
4
Let y = 48689 - 20126. What is the tens digit of y?
6
Let w(c) = -c**3 + 13*c**2 + 17*c - 16. Let l be w(14). Suppose 28*t - l*t = 6. Suppose 0 = 5*i + t*q - 835, 0 = -0*q + q. What is the hundreds digit of i?
1
Suppose -10*q - 5 = -9*q, -f + 7*q + 27300 = 0. What is the thousands digit of f?
7
Suppose -6*q = 8680 + 12110. What is the hundreds digit of q/(-6) + 12/(-8)?
5
What is the units digit of (78296/(-32))/(11/(-44))?
7
Let k = -182 - -189. Suppose 0 = k*w - 1330 - 182. What is the units digit of w?
6
Let h(q) = 4*q + 12. Let l = -374 - -389. What is the tens digit of h(l)?
7
Suppose f + 4*x - 40 = -3*f, -30 = -5*f + 5*x. What is the tens digit of f/52 - (-1098)/13*4?
3
Suppose -p - 3*g + 1268 = 0, -2*p - 2*p + 3*g + 5057 = 0. Suppose 7*r - 3866 = p. What is the tens digit of r?
3
What is the ten thousands digit of 134/(-268) + (-423945)/(-6)*(-3)/(-9)?
2
What is the hundreds digit of (697/51 - 14)/((-2)/91272)?
2
Let o(v) be the second derivative of -2*v**4/3 + 161*v**3/6 + 12*v**2 + 235*v. What is the tens digit of o(16)?
5
Let d = 7242 - 1541. What is the tens digit of d?
0
Let h = -1581 - -9062. What is the tens digit of h?
8
Let s = 515 - 465. Suppose 0 = s*l + 8837 - 59587. What is the thousands digit of l?
1
Suppose 65*r - 14 = 58*r. What is the units digit of (-98 - (0 - 0))*(-15)/r?
5
Let c(d) = 593*d - 2*d**2 - 110 + d**3 + 595*d + 0*d**3 - 1157*d. What is the tens digit of c(9)?
3
Let g be (-2)/((-19)/(-9) - (-13)/(-117)). Let l be 14/2 + g + 100/(-25). Suppose -2 = 5*s - l*q - 412, 3*s = -2*q + 262. What is the units digit of s?
4
Let g = 30 + -40. Let v = g + 248. What is the tens digit of v?
3
What is the tens digit of 2 + 7339 + 2 - 21*(-16)/(-56)?
3
Let q(z) = -z**3 + 4*z**2 + 6*z - 5. Let w be q(5). Suppose w = -i - 27 + 11. Let y(r) = r + 38. What is the tens digit of y(i)?
2
Suppose -2*v = 4*h - 20, -v - h + 2*h = 2. Suppose 0*g - 5*f + 200 = g, -335 = -v*g + 3*f. What is the units digit of g?
5
Let s(m) = -m**3 - 4*m**2 + 2*m - 12. Let z be s(-5). Let l(x) = -177*x**3 - 5 - 7*x**2 + 88*x**3 + 7*x + 91*x**z - 4. What is the tens digit